{"id":2928,"date":"2014-12-28T10:50:40","date_gmt":"2014-12-28T07:50:40","guid":{"rendered":"https:\/\/arnomikkor.com\/pulmafoto\/?page_id=2928"},"modified":"2026-01-26T13:38:14","modified_gmt":"2026-01-26T10:38:14","slug":"kliendid-kiidavad","status":"publish","type":"page","link":"https:\/\/arnomikkor.com\/pulmafoto\/kliendid-kiidavad\/","title":{"rendered":"Kliendid kiidavad"},"content":{"rendered":"<p>&#8220;Pulmade juures k\u00f5ige hirmutavam oli minu kui pruudi jaoks just pildistamine &#8211; kuidas j\u00e4\u00e4da v\u00f5imalikult talutavalt pildile, et hiljem poleks piinlik vaadata. Kui see hetk k\u00e4tte j\u00f5udis, mil Arno meid objektiivi ette s\u00e4ttis, ei j\u00f5udnud ma enam sellistele murem\u00f5tetele m\u00f5elda &#8211; Arno l\u00f5i oma elava oleku ja r\u00f5\u00f5msa meelega \u00fclimalt m\u00f5nusa \u00f5hkkonna ning professionaalse pilguga superilusad kompositsioonid. Nagu \u00f6eldakse, pole koledat modelli, k\u00f5ik s\u00f5ltub fotograafi oskustest teda pildile s\u00e4ttida. Ja Arno oskab!<br \/>\nSuur suur ait\u00e4h, Arno, et j\u00e4\u00e4dvustasid meie ilusa p\u00e4eva nii kaunilt ka fotodele, mida kindlasti ei ole piinlik tulevikus vaadata!&#8221;<br \/>\nMerit ja Kristjan<\/p>\n<p>&#8220;Arno is a true professional you can rely on to independently manage photography from start to finish. He is a warm and social person, capable of relaxing also the more camera shy individuals. Arno captured all the unforgettable moments and emotions at our wedding and left us with beautiful pictures from the day and nothing but gratitude and thankfulness of his service. Cooperation with Arno is a real delight and you can expect the highest quality result with little stress or worry about the process.&#8221;<br \/>\nK\u00e4rt &amp; Mikko<\/p>\n<p>&#8220;We had the pleasure of witnessing Arno in his element while he took photographs for our wedding. The pictures were superb and he managed to capture every tiny detail, special moment and the emotion of the whole crowd during our special day. The entire time at the wedding, he was moving around, capturing our day in the most perfect way. Not only did he deliver above and beyond our expectations, but his style and composure set us and our guests at ease and really helped everyone relax and capture our true emotions during the big day. His friendly demeanor, exceptional eye for detail and superb workmanship is something that certainly sets him apart from the competition. I would recommend him for any occasion, big or small.&#8221;<br \/>\nMarelle &amp; Barret<\/p>\n<p>&#8220;Arno tundus meile v\u00e4ga s\u00fcmpaatne juba meili teel suheldes. Kirjutasime talle, et meie tihe p\u00e4evakava n\u00e4eb ette, et nii ettevalmistused, ilupildid, tseremoonia kui ka mesin\u00e4dalatele \u00e4ralennu j\u00e4\u00e4dvustamine peaks mahtuma ajaliselt 5-6 tunni sisse.\u00a0Olime ise oma tiheda plaani p\u00e4rast v\u00e4ga mures, kuid Arno suhtus\u00a0sellesse kui seiklusesse ning andis omapoolseid ideid pildistamiskohtade valimisel, nii et k\u00f5ik meie ajakavasse \u00e4ra mahuks. Kui meie p\u00e4ev saabus, laabus k\u00f5ik\u00a0kui iseenesest\u00a0ning\u00a0ei mingit stressi ega pinget, tundsime end Arno\u00a0kaamera ees v\u00e4ga vabalt ja sundimatult. Saime p\u00fchenduda oma erilise p\u00e4eva nautimisele ning k\u00f5ik hetked said imeliselt j\u00e4\u00e4dvustatud. See oli justkui romantiline seiklusfilm ning meil on tohutult hea meel, et just Arno seda j\u00e4\u00e4dvustama kutsusime.&#8221;<br \/>\nKristiina ja Margus<\/p>\n<p>\u201eArno on fotograaf, kes teeb, mida lubab ja rohkemgi veel. Minule meeldis meie pulmap\u00e4ev pildistamise juures just see, et teadsin ette &#8220;mis-kus-millal&#8221; toimub, kuna enne oli Arno meile p\u00e4eva plaani selgeks teinud. Sellise pigem argliku paarina natuke pelgasime ilupiltide sessiooni, aga t\u00e4nud Arnole l\u00e4ks kramp suht kiiresti \u00fcle ja pildid tulid suurep\u00e4rased, nii meie kui ka k\u00f5ikide k\u00fclaliste arvates. Meie pulmaisa kiitis Arnot veel selle eest, et ta j\u00e4i erinevalt paljudest teistest pulmaj\u00e4\u00e4dvustajatest heas m\u00f5ttes m\u00e4rkamatuks. Meie igatahes soovitame soojalt ja teeme veelkord s\u00fcgava kummarduse! :)\u201d<br \/>\nAnneli ja Alar<\/p>\n<p>\u201ePaar aastat tagasi k\u00e4isin \u00fches pulmas, kus fotograafiks oli Arno. Ta j\u00e4i mulle kohe silma oma andekusega. Ta lihtsalt armastab oma t\u00f6\u00f6d ja teeb seda nii h\u00e4sti. Sel aastal kui hakkasin n\u00fc\u00fcd enda pulmi planeerima, teadsin kohe, et fotograafiks tahan ma Arnot. Ei hakanud \u00fcldse teistelt hinnapakkumisi k\u00fcsimagi. Ja mul vedas, Arnol oligi meie pulmakuup\u00e4ev vaba.\u201d<br \/>\n\u201eTa on fotograaf, kes ei k\u00e4i inimestele peale, et teeme n\u00fc\u00fcd pilti, vaid leiab ise need loomulikult ilusad hetked. Ta on nii kiire ja pisike, et teda ei pane kl\u00f5psutamise ajal t\u00e4helegi. Ilupiltideks leiab ise ilusad kohad ja oskab pruutpaari poseerima panna. Meie oleme piltidega v\u00e4ga rahul:).\u201d<br \/>\nHelen ja Edek<\/p>\n<p>\u201eArno is an absolutely amazing guy. Fun to have at your wedding, really motivational to get them fantastic family pictures and on the other hand in the shadows to capture natural moments. Nothing was missed, he is a very hard working guy. We would recommend him to anybody&#8217;s event. It was a pleasure having Arno involved in our wedding.\u201d<br \/>\nGerli &amp; Leon<\/p>\n<p>&#8220;Fotograaf, kes viitsib tegeleda ja vaeva n\u00e4ha, et pildid oleksid p\u00f5nevad, ilusad ja kordumatud. Paljusid fotograafe sa tead, kes v\u00f5tavad pulmapildistamisele redeli kaasa, et p\u00f5nevate nurkade alt pilti teha? Minule meeldis k\u00f5ige rohkem Arno puhul see, et ta vastas alati meilidele kiiresti ja seega oli minu jaoks v\u00e4ga usaldusv\u00e4\u00e4rne. Samuti oli suurep\u00e4rane, et k\u00f5ik pildid on erinevad ja neid on huvitav vaadata! Ise ma poleks viitsinudki nii palju erinevaid kohti l\u00e4bi k\u00e4ia, kuna see p\u00e4ev on nagunii ka selline pingeline ja v\u00e4sitav:)!&#8221;<br \/>\nT. ja V.<\/p>\n<p>&#8220;Arno on aktiivne fotograaf, kes m\u00f5tleb kaasa ja pakub huvitavaid ideid pildistamispaikadeks. Me oleme v\u00e4ga rahul oma pulmafotode ja albumiga. Meie tutvusringkonnas on juba kolm abielupaari Arnoga koost\u00f6\u00f6d teinud ning ka meie soovitame teda teistele pruutpaaridele.&#8221;<br \/>\nMonika ja Madis<\/p>\n<p>&#8220;Oleme v\u00e4ga rahul oma pulmafotograafi Arno Mikkoriga, kes muutis meie pulmap\u00e4eva emotsioonid veelgi erilisemateks ja s\u00e4ravamateks! Arno on v\u00e4ga professionaalne &#8211; tegutseb m\u00e4rkamatult, tabab \u00e4ra k\u00f5ik k\u00f5ige p\u00f5nevamad ja erilisemad hetked ning emotsioonid ning arvestab kliendi soovidega. Me soovisime omalt poolt, et lisaks ilukaadritele saaksid j\u00e4\u00e4dvustatud ka huvitavamad emotsioonid ja hetked ning tulemus \u00fcletas meie ootusi. N\u00fc\u00fcd on meil hulk v\u00e4ga ilusaid pilte ning lisaks hulk p\u00f5nevaid ja vahvaid emotsioone, mida meenutada. T\u00e4name s\u00fcdamest ning kindlasti soovitame julgelt ka teistele!&#8221;<br \/>\nK\u00e4tlin ja T\u00f5nis<\/p>\n<p>K\u00fcsi lisa v\u00f5i tee broneering siin:<div class='fluentform ff-default fluentform_wrapper_1 ffs_default_wrap'><form data-form_id=\"1\" id=\"fluentform_1\" class=\"frm-fluent-form fluent_form_1 ff-el-form-top ff_form_instance_1_1 ff-form-loading ffs_default\" data-form_instance=\"ff_form_instance_1_1\" method=\"POST\" ><fieldset  style=\"border: none!important;margin: 0!important;padding: 0!important;background-color: transparent!important;box-shadow: none!important;outline: none!important; min-inline-size: 100%;\">\n                    <legend class=\"ff_screen_reader_title\" style=\"display: block; margin: 0!important;padding: 0!important;height: 0!important;text-indent: -999999px;width: 0!important;overflow:hidden;\">Kontaktivorm<\/legend><p style=\"display: none !important;\" class=\"akismet-fields-container\" data-prefix=\"ak_\"><label>&#916;<textarea name=\"ak_hp_textarea\" cols=\"45\" rows=\"8\" maxlength=\"100\"><\/textarea><\/label><input type=\"hidden\" id=\"ak_js_1\" name=\"ak_js\" value=\"149\"\/><script>document.getElementById( \"ak_js_1\" ).setAttribute( \"value\", ( new Date() ).getTime() );<\/script><\/p><input type='hidden' name='__fluent_form_embded_post_id' value='2928' \/><input type=\"hidden\" id=\"_fluentform_1_fluentformnonce\" name=\"_fluentform_1_fluentformnonce\" value=\"024bbeb4b9\" \/><input type=\"hidden\" name=\"_wp_http_referer\" value=\"\/pulmafoto\/wp-json\/wp\/v2\/pages\/2928\" \/><div data-type=\"name-element\" data-name=\"names\" class=\" ff-field_container ff-name-field-wrapper\" ><div class='ff-t-container'><div class='ff-t-cell '><div class='ff-el-group'><div class='ff-el-input--content'><input type=\"text\" name=\"names[first_name]\" id=\"ff_1_names_first_name_\" class=\"ff-el-form-control\" placeholder=\"Nimi\" aria-invalid=\"false\" aria-required=true><\/div><\/div><\/div><\/div><\/div><div class='ff-el-group'><div class='ff-el-input--content'><input type=\"email\" name=\"email\" id=\"ff_1_email\" class=\"ff-el-form-control\" placeholder=\"Emailaadress\" data-name=\"email\"  aria-invalid=\"false\" aria-required=true><\/div><\/div><div class='ff-el-group'><div class='ff-el-input--content'><textarea aria-required=\"true\" aria-labelledby=\"label_ff_1_message\" name=\"message\" id=\"ff_1_message\" class=\"ff-el-form-control\" placeholder=\"Kirja sisu\" rows=\"4\" cols=\"2\" data-name=\"message\" ><\/textarea><\/div><\/div><div class='ff-el-group ff-text-left ff_submit_btn_wrapper'><button type=\"submit\" class=\"ff-btn ff-btn-submit ff-btn-md ff_btn_style\"  aria-label=\"Saada kiri!\">Saada kiri!<\/button><\/div><\/fieldset><\/form><div id='fluentform_1_errors' class='ff-errors-in-stack ff_form_instance_1_1 ff-form-loading_errors ff_form_instance_1_1_errors'><\/div><\/div>            <script type=\"text\/javascript\">\n                window.fluent_form_ff_form_instance_1_1 = {\"id\":\"1\",\"settings\":{\"layout\":{\"labelPlacement\":\"top\",\"helpMessagePlacement\":\"with_label\",\"errorMessagePlacement\":\"inline\",\"cssClassName\":\"\",\"asteriskPlacement\":\"asterisk-right\"},\"restrictions\":{\"denyEmptySubmission\":{\"enabled\":false}}},\"form_instance\":\"ff_form_instance_1_1\",\"form_id_selector\":\"fluentform_1\",\"rules\":{\"names[first_name]\":{\"required\":{\"value\":true,\"message\":\"This field is required\",\"global\":false,\"global_message\":\"This field is required\"}},\"names[middle_name]\":{\"required\":{\"value\":false,\"message\":\"This field is required\",\"global\":false,\"global_message\":\"This field is required\"}},\"names[last_name]\":{\"required\":{\"value\":false,\"message\":\"This field is required\",\"global\":false,\"global_message\":\"This field is required\"}},\"email\":{\"required\":{\"value\":true,\"message\":\"See on n\\u00f5utud v\\u00e4li\",\"global\":false,\"global_message\":\"This field is required\"},\"email\":{\"value\":true,\"message\":\"This field must contain a valid email\",\"global\":false,\"global_message\":\"This field must contain a valid email\"}},\"message\":{\"required\":{\"value\":true,\"message\":\"See on n\\u00f5utud v\\u00e4li\",\"global\":false,\"global_message\":\"This field is required\"}}},\"debounce_time\":300};\n                            <\/script>\n            <\/p>\n","protected":false},"excerpt":{"rendered":"<p>&#8220;Pulmade juures k\u00f5ige hirmutavam oli minu kui pruudi jaoks just pildistamine &#8211; kuidas j\u00e4\u00e4da v\u00f5imalikult talutavalt pildile, et hiljem poleks piinlik vaadata. Kui see hetk k\u00e4tte j\u00f5udis, mil Arno meid\u2026 <span class=\"read-btn\"><a class=\"read-more\" href=\"https:\/\/arnomikkor.com\/pulmafoto\/kliendid-kiidavad\/\">Read More &rarr;<\/a><\/span><\/p>\n","protected":false},"author":1,"featured_media":0,"parent":0,"menu_order":0,"comment_status":"open","ping_status":"open","template":"","meta":{"footnotes":""},"class_list":["post-2928","page","type-page","status-publish","hentry"],"yoast_head":"<!-- This site is optimized with the Yoast SEO plugin v27.3 - https:\/\/yoast.com\/product\/yoast-seo-wordpress\/ -->\n<title>Kliendid kiidavad - Pulmafotograaf Arno Mikkor<\/title>\n<meta name=\"robots\" content=\"index, follow, max-snippet:-1, max-image-preview:large, max-video-preview:-1\" \/>\n<link rel=\"canonical\" href=\"https:\/\/arnomikkor.com\/pulmafoto\/kliendid-kiidavad\/\" \/>\n<meta property=\"og:locale\" content=\"et_EE\" \/>\n<meta property=\"og:type\" content=\"article\" \/>\n<meta property=\"og:title\" content=\"Kliendid kiidavad - Pulmafotograaf Arno Mikkor\" \/>\n<meta property=\"og:description\" content=\"&#8220;Pulmade juures k\u00f5ige hirmutavam oli minu kui pruudi jaoks just pildistamine &#8211; kuidas j\u00e4\u00e4da v\u00f5imalikult talutavalt pildile, et hiljem poleks piinlik vaadata. Kui see hetk k\u00e4tte j\u00f5udis, mil Arno meid\u2026 Read More &rarr;\" \/>\n<meta property=\"og:url\" content=\"https:\/\/arnomikkor.com\/pulmafoto\/kliendid-kiidavad\/\" \/>\n<meta property=\"og:site_name\" content=\"Pulmafotograaf Arno Mikkor\" \/>\n<meta property=\"article:modified_time\" content=\"2026-01-26T10:38:14+00:00\" \/>\n<meta name=\"twitter:card\" content=\"summary_large_image\" \/>\n<meta name=\"twitter:label1\" content=\"Est. reading time\" \/>\n\t<meta name=\"twitter:data1\" content=\"5 minutit\" \/>\n<script type=\"application\/ld+json\" class=\"yoast-schema-graph\">{\"@context\":\"https:\\\/\\\/schema.org\",\"@graph\":[{\"@type\":\"WebPage\",\"@id\":\"https:\\\/\\\/arnomikkor.com\\\/pulmafoto\\\/kliendid-kiidavad\\\/\",\"url\":\"https:\\\/\\\/arnomikkor.com\\\/pulmafoto\\\/kliendid-kiidavad\\\/\",\"name\":\"Kliendid kiidavad - Pulmafotograaf Arno Mikkor\",\"isPartOf\":{\"@id\":\"https:\\\/\\\/arnomikkor.com\\\/pulmafoto\\\/#website\"},\"datePublished\":\"2014-12-28T07:50:40+00:00\",\"dateModified\":\"2026-01-26T10:38:14+00:00\",\"breadcrumb\":{\"@id\":\"https:\\\/\\\/arnomikkor.com\\\/pulmafoto\\\/kliendid-kiidavad\\\/#breadcrumb\"},\"inLanguage\":\"et\",\"potentialAction\":[{\"@type\":\"ReadAction\",\"target\":[\"https:\\\/\\\/arnomikkor.com\\\/pulmafoto\\\/kliendid-kiidavad\\\/\"]}]},{\"@type\":\"BreadcrumbList\",\"@id\":\"https:\\\/\\\/arnomikkor.com\\\/pulmafoto\\\/kliendid-kiidavad\\\/#breadcrumb\",\"itemListElement\":[{\"@type\":\"ListItem\",\"position\":1,\"name\":\"Home\",\"item\":\"https:\\\/\\\/arnomikkor.com\\\/pulmafoto\\\/\"},{\"@type\":\"ListItem\",\"position\":2,\"name\":\"Kliendid kiidavad\"}]},{\"@type\":\"WebSite\",\"@id\":\"https:\\\/\\\/arnomikkor.com\\\/pulmafoto\\\/#website\",\"url\":\"https:\\\/\\\/arnomikkor.com\\\/pulmafoto\\\/\",\"name\":\"Pulmafotograaf Arno Mikkor\",\"description\":\"Pildistan ilusad hetked ajatuteks fotodeks!\",\"publisher\":{\"@id\":\"https:\\\/\\\/arnomikkor.com\\\/pulmafoto\\\/#\\\/schema\\\/person\\\/b21c9c37d775c4f7f7373be2d82f0618\"},\"potentialAction\":[{\"@type\":\"SearchAction\",\"target\":{\"@type\":\"EntryPoint\",\"urlTemplate\":\"https:\\\/\\\/arnomikkor.com\\\/pulmafoto\\\/?s={search_term_string}\"},\"query-input\":{\"@type\":\"PropertyValueSpecification\",\"valueRequired\":true,\"valueName\":\"search_term_string\"}}],\"inLanguage\":\"et\"},{\"@type\":[\"Person\",\"Organization\"],\"@id\":\"https:\\\/\\\/arnomikkor.com\\\/pulmafoto\\\/#\\\/schema\\\/person\\\/b21c9c37d775c4f7f7373be2d82f0618\",\"name\":\"Sinitaevas\",\"image\":{\"@type\":\"ImageObject\",\"inLanguage\":\"et\",\"@id\":\"https:\\\/\\\/arnomikkor.com\\\/pulmafoto\\\/wp-content\\\/uploads\\\/2024\\\/03\\\/Arno-Mikkor-fotograaf.png\",\"url\":\"https:\\\/\\\/arnomikkor.com\\\/pulmafoto\\\/wp-content\\\/uploads\\\/2024\\\/03\\\/Arno-Mikkor-fotograaf.png\",\"contentUrl\":\"https:\\\/\\\/arnomikkor.com\\\/pulmafoto\\\/wp-content\\\/uploads\\\/2024\\\/03\\\/Arno-Mikkor-fotograaf.png\",\"width\":972,\"height\":972,\"caption\":\"Sinitaevas\"},\"logo\":{\"@id\":\"https:\\\/\\\/arnomikkor.com\\\/pulmafoto\\\/wp-content\\\/uploads\\\/2024\\\/03\\\/Arno-Mikkor-fotograaf.png\"}}]}<\/script>\n<!-- \/ Yoast SEO plugin. -->","yoast_head_json":{"title":"Kliendid kiidavad - Pulmafotograaf Arno Mikkor","robots":{"index":"index","follow":"follow","max-snippet":"max-snippet:-1","max-image-preview":"max-image-preview:large","max-video-preview":"max-video-preview:-1"},"canonical":"https:\/\/arnomikkor.com\/pulmafoto\/kliendid-kiidavad\/","og_locale":"et_EE","og_type":"article","og_title":"Kliendid kiidavad - Pulmafotograaf Arno Mikkor","og_description":"&#8220;Pulmade juures k\u00f5ige hirmutavam oli minu kui pruudi jaoks just pildistamine &#8211; kuidas j\u00e4\u00e4da v\u00f5imalikult talutavalt pildile, et hiljem poleks piinlik vaadata. Kui see hetk k\u00e4tte j\u00f5udis, mil Arno meid\u2026 Read More &rarr;","og_url":"https:\/\/arnomikkor.com\/pulmafoto\/kliendid-kiidavad\/","og_site_name":"Pulmafotograaf Arno Mikkor","article_modified_time":"2026-01-26T10:38:14+00:00","twitter_card":"summary_large_image","twitter_misc":{"Est. reading time":"5 minutit"},"schema":{"@context":"https:\/\/schema.org","@graph":[{"@type":"WebPage","@id":"https:\/\/arnomikkor.com\/pulmafoto\/kliendid-kiidavad\/","url":"https:\/\/arnomikkor.com\/pulmafoto\/kliendid-kiidavad\/","name":"Kliendid kiidavad - Pulmafotograaf Arno Mikkor","isPartOf":{"@id":"https:\/\/arnomikkor.com\/pulmafoto\/#website"},"datePublished":"2014-12-28T07:50:40+00:00","dateModified":"2026-01-26T10:38:14+00:00","breadcrumb":{"@id":"https:\/\/arnomikkor.com\/pulmafoto\/kliendid-kiidavad\/#breadcrumb"},"inLanguage":"et","potentialAction":[{"@type":"ReadAction","target":["https:\/\/arnomikkor.com\/pulmafoto\/kliendid-kiidavad\/"]}]},{"@type":"BreadcrumbList","@id":"https:\/\/arnomikkor.com\/pulmafoto\/kliendid-kiidavad\/#breadcrumb","itemListElement":[{"@type":"ListItem","position":1,"name":"Home","item":"https:\/\/arnomikkor.com\/pulmafoto\/"},{"@type":"ListItem","position":2,"name":"Kliendid kiidavad"}]},{"@type":"WebSite","@id":"https:\/\/arnomikkor.com\/pulmafoto\/#website","url":"https:\/\/arnomikkor.com\/pulmafoto\/","name":"Pulmafotograaf Arno Mikkor","description":"Pildistan ilusad hetked ajatuteks fotodeks!","publisher":{"@id":"https:\/\/arnomikkor.com\/pulmafoto\/#\/schema\/person\/b21c9c37d775c4f7f7373be2d82f0618"},"potentialAction":[{"@type":"SearchAction","target":{"@type":"EntryPoint","urlTemplate":"https:\/\/arnomikkor.com\/pulmafoto\/?s={search_term_string}"},"query-input":{"@type":"PropertyValueSpecification","valueRequired":true,"valueName":"search_term_string"}}],"inLanguage":"et"},{"@type":["Person","Organization"],"@id":"https:\/\/arnomikkor.com\/pulmafoto\/#\/schema\/person\/b21c9c37d775c4f7f7373be2d82f0618","name":"Sinitaevas","image":{"@type":"ImageObject","inLanguage":"et","@id":"https:\/\/arnomikkor.com\/pulmafoto\/wp-content\/uploads\/2024\/03\/Arno-Mikkor-fotograaf.png","url":"https:\/\/arnomikkor.com\/pulmafoto\/wp-content\/uploads\/2024\/03\/Arno-Mikkor-fotograaf.png","contentUrl":"https:\/\/arnomikkor.com\/pulmafoto\/wp-content\/uploads\/2024\/03\/Arno-Mikkor-fotograaf.png","width":972,"height":972,"caption":"Sinitaevas"},"logo":{"@id":"https:\/\/arnomikkor.com\/pulmafoto\/wp-content\/uploads\/2024\/03\/Arno-Mikkor-fotograaf.png"}}]}},"_links":{"self":[{"href":"https:\/\/arnomikkor.com\/pulmafoto\/wp-json\/wp\/v2\/pages\/2928","targetHints":{"allow":["GET"]}}],"collection":[{"href":"https:\/\/arnomikkor.com\/pulmafoto\/wp-json\/wp\/v2\/pages"}],"about":[{"href":"https:\/\/arnomikkor.com\/pulmafoto\/wp-json\/wp\/v2\/types\/page"}],"author":[{"embeddable":true,"href":"https:\/\/arnomikkor.com\/pulmafoto\/wp-json\/wp\/v2\/users\/1"}],"replies":[{"embeddable":true,"href":"https:\/\/arnomikkor.com\/pulmafoto\/wp-json\/wp\/v2\/comments?post=2928"}],"version-history":[{"count":1,"href":"https:\/\/arnomikkor.com\/pulmafoto\/wp-json\/wp\/v2\/pages\/2928\/revisions"}],"predecessor-version":[{"id":9826,"href":"https:\/\/arnomikkor.com\/pulmafoto\/wp-json\/wp\/v2\/pages\/2928\/revisions\/9826"}],"wp:attachment":[{"href":"https:\/\/arnomikkor.com\/pulmafoto\/wp-json\/wp\/v2\/media?parent=2928"}],"curies":[{"name":"wp","href":"https:\/\/api.w.org\/{rel}","templated":true}]}}